What is the highest common divisor of 4 and l?
4
Let y(k) = -2*k + 9. Let x be y(4). Calculate the greatest common divisor of 4 and x.
1
Let m(w) be the second derivative of -1/20*w**5 + 0 - 3/4*w**4 - 1/2*w**2 - 3/2*w**3 - 3*w. Let f be m(-8). What is the greatest common divisor of 49 and f?
7
Let g = 3 - -23. Let b be 1 + g - -1 - 0. What is the greatest common factor of 4 and b?
4
Let t = 7 + 9. Let d(r) = -r**3 + 5*r**2 + 5*r + 8. Let h be d(6). Suppose -9 - 5 = -4*x - h*w, -4*w = -x + 8. Calculate the greatest common factor of t and x.
4
Let t be 6*(-6)/(-3) + 0. Calculate the highest common factor of t and 24.
12
Let z = 48 - 46. Let o(v) = -v**2 - v + 44. Let l be o(0). Let x = l - 28. What is the greatest common divisor of x and z?
2
Let y(z) = z**2 - 4*z. Let j be y(5). What is the greatest common factor of j and 20?
5
Suppose -123 = -p - v, p - 260 = -p + 5*v. Let f = p + -18. Suppose -f = -3*s + 5*u, s - 3*u = -5*u + 43. What is the highest common divisor of 26 and s?
13
Suppose -5*j + 13 - 3 = 0. Suppose 3*h = -4*l + 63, j*l + 2*h - 31 = h. What is the greatest common divisor of 60 and l?
15
Let u(f) be the second derivative of 11*f**4/12 + f**3/3 - f**2/2 - f. Let q be u(1). Suppose 72 = 3*m - 0*m. What is the highest common factor of q and m?
12
Suppose -b + y - 68 = 0, 0*y = 3*b - 2*y + 202. Let x be (-4)/(-22) - 186/b. Suppose 82 - 1 = x*s. Calculate the greatest common factor of 3 and s.
3
Suppose -2*r - 34 = -122. What is the highest common factor of 11 and r?
11
Suppose 2*o - 605 = 99. Calculate the highest common divisor of o and 32.
32
Let z = 21 - 2. Suppose -n = -2*h + z - 2, 0 = 4*n + 4. Calculate the greatest common factor of h and 16.
8
Let l(q) = -4*q - 9. Let o be l(-4). Let g = 29 - 1. Calculate the highest common factor of g and o.
7
Suppose -28 = -3*f - 3*q + 107, -f - 3*q = -45. Calculate the greatest common divisor of f and 15.
15
Suppose -3*n + 13 = 5*f - 102, -5*n - 3*f + 213 = 0. What is the highest common divisor of n and 18?
9
Let c(k) be the second derivative of 1/2*k**2 - 2*k + 0 + 1/20*k**5 + 1/2*k**4 - k**3. Let x be c(-5). Calculate the highest common factor of x and 8.
8
Let m(b) = -2*b + 18 - 4*b - 5 - 4*b - b**2. Let f be m(-10). Let w = f - -20. Calculate the greatest common factor of w and 3.
3
Let d = 4 + -6. Let c be 4*(11/4 + d). Suppose c*y + v = 11, -y - 12 = -2*y - 2*v. Calculate the highest common divisor of y and 1.
1
Let j(m) be the first derivative of m**3/3 + m**2/2 - 4*m - 6. Let w be (-4)/12 + 10/3. Let g be j(w). Calculate the highest common divisor of 32 and g.
8
Let y(j) = -j + 11. Let z be y(8). What is the highest common divisor of 3 and z?
3
Let w(m) = 22*m + 16. Let a be w(2). Let o(i) = 13*i**3 - i**2 + i - 1. Let k be o(1). Calculate the highest common divisor of k and a.
12
Let b(s) = s**2 - 2*s - 2. Let l be b(-2). Calculate the highest common factor of l and 66.
6
Suppose 2 - 12 = -5*k. Let v be (-4 + -6)*(-1)/k. Suppose c + v = 2*c. What is the highest common divisor of c and 15?
5
Let f(n) = n**3 + 6*n**2 - 4*n - 1. Let a be f(-7). Let w = -8 - a. Calculate the highest common factor of 28 and w.
14
Suppose 0 = -7*k - 2*k + 3078. Calculate the greatest common divisor of k and 57.
57
Let x = 2 + 2. Let p be ((-27)/x)/(6/(-32)). What is the greatest common factor of p and 9?
9
Let l = -56 + 80. Let m(k) = -k**3 + 8*k**2 - 3*k. Let g be m(7). Let h = -20 + g. Calculate the greatest common divisor of h and l.
8
Suppose -4*k + 2*w + 4 = -18, 4*w = -4*k + 52. What is the highest common divisor of 32 and k?
8
Suppose 0 = 2*t + t. Let v = 5 + t. Suppose -j + 2*j - y = 42, -3*j + v*y + 122 = 0. What is the greatest common divisor of 11 and j?
11
Suppose -14 - 31 = 5*m. Let h = -5 - m. Suppose h*v = 464 - 24. Calculate the highest common factor of v and 10.
10
Let a(d) = -302*d**2 - 11*d + 2. Let v(n) = -201*n**2 - 7*n + 1. Let m(y) = 5*a(y) - 8*v(y). Let r be m(-1). What is the greatest common factor of r and 11?
11
Suppose -k + 5*d = -13, -k + 4*d - 4 = -2*k. What is the highest common divisor of k and 88?
8
Let i = 26 - -4. Calculate the greatest common factor of i and 12.
6
Let p = 120 + 35. What is the greatest common factor of 31 and p?
31
Suppose 6*q = q - 25. Let x(c) = c**2 + 3. Let i be x(q). Calculate the greatest common factor of 70 and i.
14
Suppose -150 = 5*b - 590. Suppose x - 10 = -2. What is the highest common divisor of x and b?
8
Let p be (-100)/(-5)*9/2. Calculate the highest common factor of p and 10.
10
Suppose 5*w = -2*n - 11, 4*w - 10 = 4*n - 2. Let c = -7 + 12. Let y = c + n. What is the greatest common factor of 10 and y?
2
Suppose -4*n + 4*a = 2*a - 216, 5*n - 4*a - 270 = 0. What is the highest common factor of n and 18?
18
Let c = 159 + -111. What is the greatest common factor of 72 and c?
24
Suppose -x + 4 = -3*w + 14, -w - 3*x + 20 = 0. Suppose w*y = 20, 88 = 5*l - 0*y + 2*y. What is the highest common divisor of 40 and l?
8
Suppose 104 = 4*s - 0*s. Calculate the highest common divisor of 39 and s.
13
Let s = 85 - 68. Calculate the highest common factor of s and 17.
17
Suppose -8*y + 4*y = -96. Let j = y + -10. Let l = 1 + 6. What is the highest common divisor of l and j?
7
Let l be (((-12)/(-2))/3)/(-1). Suppose 3*v - 2 = -5. Let j be l + 10 + 0/v. What is the highest common factor of j and 20?
4
Suppose p - 16 - 22 = 0. Calculate the highest common divisor of p and 304.
38
Let z = 20 + -18. What is the highest common factor of 2 and z?
2
Let v be (9/4 + 0)*4. Suppose -p + 4*l + 37 - 2 = 0, 0 = 4*l - 12. Let o = v + p. Calculate the highest common factor of 8 and o.
8
Let r(o) = 8*o. Let f be (-4)/(-3) - (-2)/(-6). Let h be r(f). Let k = h + 14. What is the highest common divisor of k and 11?
11
Suppose -y = -3*y - 52. Let x = -47 - y. Let c = 11 - x. Calculate the highest common divisor of 4 and c.
4
Suppose -4*q + 40 = -5*s + 4*s, 3 = q - 2*s. Calculate the highest common factor of q and 44.
11
Let s be -2*-3*(-1)/(-2). Suppose 5*l = 15, l = -s*c - l + 66. What is the greatest common factor of c and 8?
4
Let s(d) = -2*d**2 - 1 + 0 + 7*d**3 + d**2 + 2*d. Let t be s(1). Suppose 5*z = -5*n + 155, z - 27 = 4*n - 11. What is the greatest common factor of t and z?
7
Suppose 3*r + 3*v = 243, -3*r - 89 = -4*r - 3*v. Suppose q - 2 = 5. What is the greatest common divisor of q and r?
7
Suppose 7*m - 3*m = 144. What is the highest common divisor of m and 4?
4
Suppose 3*i + 140 = 8*i. What is the greatest common divisor of i and 42?
14
Let j(o) = -4*o + 1. Let h be j(-14). Calculate the greatest common divisor of h and 19.
19
Suppose -23 = -2*r - n, 2*n - 35 = -r - 2*r. Let c = 4 - r. Let y = 11 + c. Calculate the highest common divisor of 28 and y.
4
Suppose -2*v + 3*o + 9 = -0*v, 0 = -2*o + 2. What is the highest common divisor of 66 and v?
6
Suppose -3*x + 5*x = 76. Let r = x + -55. Let u = 29 + r. What is the greatest common factor of 12 and u?
12
Suppose 62 = 5*o + 2*d - 132, 43 = o - d. Suppose -3*j + o = 2*j. Suppose -2*l = 3*g - 5*g + 10, -3*l + 9 = 0. What is the greatest common factor of g and j?
8
Let n be 1/((-2)/(-80)) - -3. Suppose -5*i + 128 = n. Calculate the greatest common factor of i and 136.
17
Suppose 4*n = 2*h + n, 0 = -2*n + 4. Suppose 0 = u + h*u. Let l(d) = d + 10. Let a be l(u). What is the highest common divisor of a and 5?
5
Suppose 36 = 2*y - 12. Calculate the greatest common divisor of 120 and y.
24
Let w(g) be the first derivative of g**4/4 - 5*g**3/3 + g**2 - g - 3. Let a be w(5). What is the highest common factor of 6 and a?
3
Suppose -5*x - 99 = -5*v + 31, -4*v + 92 = -x. Suppose 6*z = 4*z. Suppose z*s + v = s. Calculate the highest common divisor of s and 242.
22
Let s be (-3)/5*5*-5. Let p be s*1 - (5 - 3). Let o(l) = -52*l. Let u be o(-2). Calculate the greatest common factor of p and u.
13
Let v be 9 + (1 - 4)*-1. Calculate the highest common divisor of 12 and v.
12
Suppose 79 - 352 = -3*p. Calculate the highest common factor of 13 and p.
13
Let u(q) = 2*q**3 - 5*q**2 - 2*q. Let y be u(4). Let s be 0*2/4*1. Suppose -t = -s - 1, n = -5*t + 21. Calculate the highest common factor of y and n.
8
Let b(y) = y + 3. Let u be b(0). Suppose 0 = -n + 2*n + 3. Let h be -1 + 1 + (-45)/n. What is the highest common factor of u and